{"id":728,"date":"2021-07-07T12:27:09","date_gmt":"2021-07-07T12:27:09","guid":{"rendered":"https:\/\/aunda-imexpo.de\/?post_type=product&#038;p=728"},"modified":"2023-09-20T22:53:09","modified_gmt":"2023-09-20T22:53:09","slug":"teddybaer-pluesch-led-baer-pink-rosa","status":"publish","type":"product","link":"https:\/\/aunda-imexpo.de\/?product=teddybaer-pluesch-led-baer-pink-rosa","title":{"rendered":"Teddyb\u00e4r &#8211; Pl\u00fcsch Led B\u00e4r &#8211; Pink ( Rosa )"},"content":{"rendered":"<p>Teddyb\u00e4r &#8211; 45cm hoch, mit Farbwechsel LED &#8211; Leuchten!<\/p>\n<p>&nbsp;<\/p>\n","protected":false},"excerpt":{"rendered":"<p>Teddyb\u00e4r &#8211; 45cm hoch, mit Farbwechsel LED &#8211; Leuchten! &nbsp;<\/p>\n","protected":false},"featured_media":734,"comment_status":"open","ping_status":"closed","template":"","meta":{"neve_meta_sidebar":"","neve_meta_container":"","neve_meta_enable_content_width":"off","neve_meta_content_width":0,"neve_meta_title_alignment":"","neve_meta_author_avatar":"","neve_post_elements_order":"","neve_meta_disable_header":"","neve_meta_disable_footer":"","neve_meta_disable_title":"","spay_email":""},"yoast_head":"<!-- This site is optimized with the Yoast SEO plugin v15.8 - https:\/\/yoast.com\/wordpress\/plugins\/seo\/ -->\n<title>Teddyb\u00e4r - Pl\u00fcsch Led B\u00e4r - Pink ( Rosa ) - A&amp;A International<\/title>\n<meta name=\"robots\" content=\"index, follow, max-snippet:-1, max-image-preview:large, max-video-preview:-1\" \/>\n<link rel=\"canonical\" href=\"https:\/\/aunda-imexpo.de\/?product=teddybaer-pluesch-led-baer-pink-rosa\" \/>\n<meta property=\"og:locale\" content=\"de_DE\" \/>\n<meta property=\"og:type\" content=\"article\" \/>\n<meta property=\"og:title\" content=\"Teddyb\u00e4r - Pl\u00fcsch Led B\u00e4r - Pink ( Rosa ) - A&amp;A International\" \/>\n<meta property=\"og:description\" content=\"Teddyb\u00e4r &#8211; 45cm hoch, mit Farbwechsel LED &#8211; Leuchten! &nbsp;\" \/>\n<meta property=\"og:url\" content=\"https:\/\/aunda-imexpo.de\/?product=teddybaer-pluesch-led-baer-pink-rosa\" \/>\n<meta property=\"og:site_name\" content=\"A&amp;A International\" \/>\n<meta property=\"article:modified_time\" content=\"2023-09-20T22:53:09+00:00\" \/>\n<meta property=\"og:image\" content=\"https:\/\/i0.wp.com\/aunda-imexpo.de\/wp-content\/uploads\/2021\/07\/IMG_1607.jpg?fit=520%2C520&#038;ssl=1\" \/>\n\t<meta property=\"og:image:width\" content=\"520\" \/>\n\t<meta property=\"og:image:height\" content=\"520\" \/>\n<meta name=\"twitter:card\" content=\"summary_large_image\" \/>\n<meta name=\"twitter:label1\" content=\"Gesch\u00e4tzte Lesezeit\">\n\t<meta name=\"twitter:data1\" content=\"1\u00a0Minute\">\n<script type=\"application\/ld+json\" class=\"yoast-schema-graph\">{\"@context\":\"https:\/\/schema.org\",\"@graph\":[{\"@type\":\"WebSite\",\"@id\":\"http:\/\/aunda-imexpo.de\/#website\",\"url\":\"http:\/\/aunda-imexpo.de\/\",\"name\":\"A&amp;A International\",\"description\":\"Handelsunternehmen Jeton Musaj\",\"potentialAction\":[{\"@type\":\"SearchAction\",\"target\":\"http:\/\/aunda-imexpo.de\/?s={search_term_string}\",\"query-input\":\"required name=search_term_string\"}],\"inLanguage\":\"de\"},{\"@type\":\"ImageObject\",\"@id\":\"https:\/\/aunda-imexpo.de\/?product=teddybaer-pluesch-led-baer-pink-rosa#primaryimage\",\"inLanguage\":\"de\",\"url\":\"https:\/\/i0.wp.com\/aunda-imexpo.de\/wp-content\/uploads\/2021\/07\/IMG_1607.jpg?fit=520%2C520&ssl=1\",\"width\":520,\"height\":520},{\"@type\":\"WebPage\",\"@id\":\"https:\/\/aunda-imexpo.de\/?product=teddybaer-pluesch-led-baer-pink-rosa#webpage\",\"url\":\"https:\/\/aunda-imexpo.de\/?product=teddybaer-pluesch-led-baer-pink-rosa\",\"name\":\"Teddyb\\u00e4r - Pl\\u00fcsch Led B\\u00e4r - Pink ( Rosa ) - A&amp;A International\",\"isPartOf\":{\"@id\":\"http:\/\/aunda-imexpo.de\/#website\"},\"primaryImageOfPage\":{\"@id\":\"https:\/\/aunda-imexpo.de\/?product=teddybaer-pluesch-led-baer-pink-rosa#primaryimage\"},\"datePublished\":\"2021-07-07T12:27:09+00:00\",\"dateModified\":\"2023-09-20T22:53:09+00:00\",\"breadcrumb\":{\"@id\":\"https:\/\/aunda-imexpo.de\/?product=teddybaer-pluesch-led-baer-pink-rosa#breadcrumb\"},\"inLanguage\":\"de\",\"potentialAction\":[{\"@type\":\"ReadAction\",\"target\":[\"https:\/\/aunda-imexpo.de\/?product=teddybaer-pluesch-led-baer-pink-rosa\"]}]},{\"@type\":\"BreadcrumbList\",\"@id\":\"https:\/\/aunda-imexpo.de\/?product=teddybaer-pluesch-led-baer-pink-rosa#breadcrumb\",\"itemListElement\":[{\"@type\":\"ListItem\",\"position\":1,\"item\":{\"@type\":\"WebPage\",\"@id\":\"https:\/\/aunda-imexpo.de\/\",\"url\":\"https:\/\/aunda-imexpo.de\/\",\"name\":\"Startseite\"}},{\"@type\":\"ListItem\",\"position\":2,\"item\":{\"@type\":\"WebPage\",\"@id\":\"https:\/\/aunda-imexpo.de\/?page_id=310\",\"url\":\"https:\/\/aunda-imexpo.de\/?page_id=310\",\"name\":\"Produkte\"}},{\"@type\":\"ListItem\",\"position\":3,\"item\":{\"@type\":\"WebPage\",\"@id\":\"https:\/\/aunda-imexpo.de\/?product=teddybaer-pluesch-led-baer-pink-rosa\",\"url\":\"https:\/\/aunda-imexpo.de\/?product=teddybaer-pluesch-led-baer-pink-rosa\",\"name\":\"Teddyb\\u00e4r &#8211; Pl\\u00fcsch Led B\\u00e4r &#8211; Pink ( Rosa )\"}}]}]}<\/script>\n<!-- \/ Yoast SEO plugin. -->","_links":{"self":[{"href":"https:\/\/aunda-imexpo.de\/index.php?rest_route=\/wp\/v2\/product\/728"}],"collection":[{"href":"https:\/\/aunda-imexpo.de\/index.php?rest_route=\/wp\/v2\/product"}],"about":[{"href":"https:\/\/aunda-imexpo.de\/index.php?rest_route=\/wp\/v2\/types\/product"}],"replies":[{"embeddable":true,"href":"https:\/\/aunda-imexpo.de\/index.php?rest_route=%2Fwp%2Fv2%2Fcomments&post=728"}],"wp:featuredmedia":[{"embeddable":true,"href":"https:\/\/aunda-imexpo.de\/index.php?rest_route=\/wp\/v2\/media\/734"}],"wp:attachment":[{"href":"https:\/\/aunda-imexpo.de\/index.php?rest_route=%2Fwp%2Fv2%2Fmedia&parent=728"}],"curies":[{"name":"wp","href":"https:\/\/api.w.org\/{rel}","templated":true}]}}